is the greatest common factor of x and 5?
5
Let k be 6/(-24) + (-2)/(-8). Let m be (2 + 0 - k) + 8. What is the greatest common divisor of 5 and m?
5
Let n(b) = 64*b**2 + 1. Let h be 4/6 + (-1)/(-3). Let v be n(h). What is the greatest common divisor of 26 and v?
13
Let v be 1*6/4*10. Suppose 5*g - v = 0, 0 = -4*r - r - 3*g + 394. What is the highest common factor of 7 and r?
7
Let t be 5/(-25) - (-56)/5. Suppose 0 = 5*p - 22 - 33. Calculate the highest common divisor of p and t.
11
Let b be (144/(-28))/((-20)/70). Calculate the highest common divisor of b and 63.
9
Suppose 22*y - 102 = 5*y. Suppose 6*j - 5*j = 4. What is the highest common factor of y and j?
2
Let d(i) = 2*i**2 + 3*i. Let o be d(-2). Suppose -2*y = -5*m - 42, 0 = -3*m - o*m. Let w be ((-2)/3)/((-2)/y). Calculate the highest common divisor of w and 7.
7
Suppose 3*d - 4*d = 0. Let p = d - -1. Let u(l) = 109*l**2 - 2*l + 1. Let h be u(p). What is the highest common divisor of h and 12?
12
Let l(h) = -h**3 - 5*h**2 + 6*h - 1. Let g be l(-6). Let w be (7 + -5)/(g/(-3)). Calculate the greatest common factor of 3 and w.
3
Suppose -10 = 6*z - 4. Let t(q) be the first derivative of -3*q**4/4 + q**2 + q - 1. Let m be t(z). What is the greatest common factor of 3 and m?
1
Let z(x) = 11*x**3 + 2*x**2 - 2. Let c be z(1). What is the greatest common factor of 1 and c?
1
Suppose 4*c - 6*c + 2*w + 6 = 0, w = 2*c - 7. Let m = c - 3. Suppose 0 = 2*z + 4 - 10. What is the greatest common divisor of z and m?
1
Let o be 8/(2/((-8)/4)). Let x = 8 - o. Calculate the highest common factor of 2 and x.
2
Let j = 14 + -22. Let o be -2*3*4/j. Calculate the highest common divisor of 6 and o.
3
Suppose 0 = 5*u - 4 - 16. Suppose z + 165 = u*z. Calculate the greatest common divisor of z and 22.
11
Suppose -8*s + 256 = -0*s. What is the greatest common divisor of 160 and s?
32
Let o = -189 + 294. Suppose -75 = 3*u - 8*u. What is the greatest common factor of o and u?
15
Suppose -h - 4 = -34. Calculate the greatest common divisor of 15 and h.
15
Let c(h) = h**2 - 4*h - 4. Let u be c(-2). Calculate the greatest common factor of u and 2.
2
Let n(o) = o**2 - 3*o - 22. Let f be n(-5). Calculate the highest common divisor of 3 and f.
3
Suppose 0 = 3*t + 2*h - 126, 3*t = 2*h + h + 111. What is the highest common factor of t and 10?
10
Let k = 0 + -2. Let j be (0 + 2 + -2)/k. Let l = j - -8. What is the highest common divisor of 32 and l?
8
Suppose -2*f - 2*l = -126, 2 = -5*l + 7. Suppose 5*h = 28 + f. What is the greatest common divisor of 162 and h?
18
Let o(t) = -7*t - 1 + 7*t**2 + 6*t + 3*t. Let c be o(1). Let b(i) = -i**3 - 3*i**2 - i + 1. Let n be b(-3). What is the highest common factor of n and c?
4
Suppose 0 = 8*z - 63 - 17. Calculate the greatest common factor of 140 and z.
10
Let a = 162 - 62. What is the highest common divisor of 25 and a?
25
Let o = 0 + 0. Suppose 3 = -o*q + 3*q. Let b be 8 + 7 + -11 - -4. Calculate the greatest common factor of q and b.
1
Let p be 11 - 0/(4 - 2). Let a be (-7)/(-28) - 175/(-4). What is the highest common divisor of p and a?
11
Let b = 63 - 42. Suppose -5*j + 3*j + 10 = 0. Suppose -499 = -j*m + 26. Calculate the highest common divisor of m and b.
21
Let w = -8 - -3. Let d = 11 + w. Calculate the greatest common factor of 2 and d.
2
Let c = 11 + -7. Let x(h) = 4*h**2 - 6*h + 4. Let f be x(c). Calculate the highest common factor of f and 11.
11
Let y(m) = -m**2 - 4*m. Let a be y(-3). Let w(i) = 1 + a*i - 6 + 1. Let s be w(4). Calculate the highest common factor of s and 72.
8
Let z = 262 + -437. Let q be z/(-21) + 4/6. What is the highest common divisor of q and 6?
3
Let c(v) = v**2 + 5*v + 6. Let y be c(-4). Let h(o) = o**2 + 5*o + 4. Let l be h(-5). What is the highest common factor of l and y?
2
Suppose -4*m + 62 + 162 = 0. Calculate the highest common divisor of 14 and m.
14
Let d be (24/20)/((-6)/(-20)). Suppose 3*c - 68 = -d*w, 5*c - 2*c = -2*w + 40. What is the greatest common divisor of w and 2?
2
Suppose 0*w = 5*s + 4*w - 436, 2*w = -4*s + 344. Calculate the greatest common factor of 12 and s.
12
Let t = -28 - -53. Let z = 20 + t. Calculate the highest common divisor of 30 and z.
15
Suppose 5*v - 3*r - 7 = 3, 5*r - 8 = -4*v. Let n be 16*(1 + 3) + v. Suppose 3*w = -4*u - 3 + 21, 4*w - 4*u = 24. Calculate the highest common factor of n and w.
6
Let n(u) = -28*u**2 - 10*u - 9. Let i(d) = 85*d**2 + 29*d + 26. Let s(q) = 6*i(q) + 17*n(q). Let t be s(-3). What is the greatest common factor of 27 and t?
27
Suppose -z + 0*z = -9. Let j be (-10)/((-4)/8 - 0). Let h = j - 2. Calculate the greatest common divisor of h and z.
9
Let u(k) = 2*k + 11. Let w be u(8). Calculate the highest common divisor of w and 81.
27
Let n = 23 - 9. Suppose 0 = 4*a - 23 + 3. Suppose 0 = 2*f, -5*f - 18 + 8 = -a*i. What is the greatest common divisor of i and n?
2
Suppose -p - 3 = -2*x, 0 = 4*p - 3*p + 3. Suppose -b + 3*b = -5*a + 98, -5*b - 5 = x. Calculate the highest common factor of 20 and a.
20
Suppose x + y = 79 + 260, 0 = -2*x - 4*y + 674. Let u be ((-2)/4)/(60/(-3720)). Calculate the highest common factor of u and x.
31
Let f be ((-468)/(-27))/((-4)/(-6)). Calculate the highest common factor of 52 and f.
26
Let l(m) = -5*m - 4. Let b be l(-8). Calculate the highest common factor of b and 4.
4
Let w = -12 + 47. Let p = 3 - 1. Suppose 4*y = p*n - y - 48, 3*n = -y + 38. What is the greatest common factor of w and n?
7
Suppose 0 = -2*p + 122 + 86. What is the highest common divisor of p and 16?
8
Suppose 128 = 9*g - g. Suppose -876 = -5*f - 4*h, 3*h = 5*h + 2. Calculate the greatest common divisor of f and g.
16
Let o = -767 - -787. Let m be 0/(-1) - 0 - -10. Calculate the highest common divisor of o and m.
10
Let z(v) = -v. Let t be z(-21). Calculate the highest common factor of t and 28.
7
Let r = -18 + 38. Suppose 0 = 4*l - r - 52. What is the highest common divisor of 6 and l?
6
Let o be ((-4)/(-14) + 117/(-42))*-2. What is the highest common divisor of o and 20?
5
Suppose 512 + 808 = 11*g. Calculate the highest common divisor of 30 and g.
30
Suppose -2*w - 2 = -4*h + 14, -5*h = -4*w - 23. Calculate the highest common divisor of 33 and h.
3
Let k(z) = 2*z**3 + 2*z**2 + 3*z - 3. Let g be k(2). Let u = g - 16. What is the highest common divisor of u and 88?
11
Suppose -f - 14 = -3*f - 2*m, 0 = -3*f + 4*m + 21. Let x = f - 5. Let d(h) = 2*h**3 + 2*h. Let y be d(x). Calculate the greatest common factor of y and 10.
10
Suppose m + 1 = -u, -u + 5*m + 7 = -10. Suppose 0 = 2*z - 2*c + 22, 3*c = -u*c. Let t = z - -32. Calculate the greatest common factor of 147 and t.
21
Suppose 5*k - 7 = 13. Suppose 0*g + k*g = 144. Calculate the highest common divisor of 54 and g.
18
Let w(q) = q**3 + 3*q - 2. Let k be w(2). Let t be 2/4 - (-1290)/12. What is the highest common divisor of k and t?
12
Let g = -135 - -199. Calculate the greatest common divisor of 160 and g.
32
Let s(p) = p**2 + 5. Let o be s(-5). Let r = -16 + o. Calculate the highest common divisor of r and 21.
7
Suppose -4*c - 3*p = -0*c - 149, 2*c = 5*p + 55. Suppose -w - 3 + c = 0. Let o be 4/8 + 15/2. What is the greatest common factor of o and w?
8
Let w = 78 + -34. Suppose -5*l = -20, l = t + 3*t - w. Calculate the greatest common factor of t and 60.
12
Suppose -3*b = 5*q - 390, 3*q = b + 209 + 11. Suppose 5*d = 2*m - q, -m + 3*m - 4*d - 72 = 0. What is the highest common divisor of m and 20?
10
Let q(w) = -w**3 + 5*w**2 - 3*w - 2. Let m be q(3). Suppose -2*u + 103 + 85 = 0. Let j = 157 - u. Calculate the highest common divisor of m and j.
7
Let v(r) = -r**3 - 45*r**2 + r + 75. Let x be v(-45). Suppose 4*j + 3*f - 83 = 0, 4*j - 5*j = -2*f - 18. What is the greatest common factor of x and j?
10
Suppose -15 + 5 = -10*p. What is the highest common divisor of 19 and p?
1
Let d = 19 - -37. Calculate the highest common factor of 14 and d.
14
Let d be 2/(7/(308/8)). Calculate the highest common divisor of d and 11.
11
Let n be (832/13)/((-2)/(-4)). What is the greatest common divisor of 16 and n?
16
Suppose -j - 2*b = 0, -b + 5*b - 16 = -4*j. Suppose 2*w - j = 2*q + 20, 2*q - 4*w + 38 = 0. Let c = 156 - q. Calculate the highest common factor of c and 15.
15
Let g(n) = 3*n - 7. Let x be g(5). Let o be (22/x)/(2/16). What is the greatest commo